st common divisor of 2044 and 126750484.
2044
Calculate the highest common divisor of 19875 and 1221120.
795
Calculate the greatest common divisor of 266 and 209371127.
133
Calculate the highest common factor of 1690 and 11749010.
130
Calculate the highest common divisor of 6888 and 104448648.
984
What is the greatest common factor of 36402 and 872?
2
Calculate the greatest common divisor of 2808 and 907190388.
1404
Calculate the greatest common divisor of 6185593 and 4449.
1483
Calculate the highest common divisor of 11496240 and 6090.
210
What is the greatest common factor of 114798 and 1198?
2
Calculate the highest common divisor of 8473 and 423421.
229
What is the greatest common factor of 23403503 and 4?
1
Calculate the greatest common factor of 45684 and 430191.
3807
What is the highest common divisor of 1536 and 211047168?
768
Calculate the highest common factor of 1380 and 80629440.
60
What is the highest common factor of 7333530 and 600?
30
Calculate the greatest common factor of 2051 and 27199483.
293
What is the greatest common divisor of 3717 and 7557723?
531
What is the greatest common factor of 59859783 and 81?
27
Calculate the highest common factor of 35197998 and 55.
11
What is the greatest common divisor of 137025 and 3759021?
189
Calculate the greatest common factor of 4508 and 9405298.
322
Calculate the greatest common factor of 5947722 and 67507.
3553
What is the greatest common factor of 4510279 and 1159?
61
Calculate the highest common divisor of 277 and 87404857.
277
What is the greatest common factor of 128 and 38933056?
64
Calculate the greatest common factor of 43818348 and 1764.
588
Calculate the highest common factor of 1368 and 508231.
19
What is the greatest common divisor of 413 and 2817781?
59
What is the greatest common divisor of 188161 and 87399?
83
What is the highest common factor of 72094 and 348986?
638
What is the greatest common divisor of 2894 and 293725083?
1447
Calculate the greatest common divisor of 17725159 and 43.
43
What is the highest common factor of 743418 and 2862?
54
Calculate the highest common factor of 17917746 and 714.
42
What is the greatest common factor of 11879 and 115010?
7
What is the greatest common factor of 88806664 and 2868?
956
Calculate the greatest common factor of 998433 and 27.
27
Calculate the greatest common divisor of 353410 and 19588.
118
What is the greatest common divisor of 470112 and 2286899?
4897
Calculate the highest common factor of 12240 and 173295.
45
Calculate the highest common factor of 175 and 1104325.
25
Calculate the highest common divisor of 544360971 and 17829.
5943
Calculate the greatest common factor of 10272 and 449032776.
2568
Calculate the greatest common divisor of 100035 and 7134804.
1539
What is the highest common divisor of 81833161 and 3691?
3691
Calculate the greatest common divisor of 36459462 and 897.
897
What is the highest common factor of 175 and 136888675?
175
What is the highest common divisor of 242 and 49952474?
22
What is the greatest common factor of 145489 and 14381?
73
What is the highest common divisor of 318400 and 6245615?
995
What is the greatest common divisor of 88 and 12350888?
88
What is the greatest common factor of 15609 and 5092146?
129
Calculate the highest common divisor of 486 and 556224894.
162
What is the highest common divisor of 450875 and 1375?
125
Calculate the highest common factor of 21120 and 326546.
22
Calculate the highest common divisor of 6019506 and 3699.
1233
What is the highest common factor of 158096 and 22796?
164
What is the highest common factor of 952 and 12152042?
238
What is the highest common factor of 544 and 47814200?
136
What is the highest common divisor of 18459 and 3293613?
2637
Calculate the highest common divisor of 2811595 and 2920.
365
Calculate the greatest common factor of 1180 and 169406700.
1180
Calculate the highest common divisor of 9323091 and 2565.
171
Calculate the highest common divisor of 157 and 5812297.
157
Calculate the greatest common divisor of 56165 and 443915.
235
Calculate the highest common factor of 140 and 4429720.
20
What is the highest common divisor of 176625576 and 16?
8
Calculate the greatest common divisor of 116769150 and 5875.
1175
What is the highest common factor of 15 and 2541914805?
15
What is the greatest common divisor of 28705 and 10450?
5
Calculate the greatest common factor of 17831760 and 8595.
2865
Calculate the greatest common factor of 180 and 20053620.
180
What is the greatest common divisor of 8991190 and 20?
10
Calculate the greatest common factor of 1203239002 and 98.
98
What is the highest common factor of 22292414 and 678?
226
What is the highest common divisor of 1942 and 174746986?
1942
What is the highest common factor of 8473171 and 7543?
397
What is the highest common factor of 76 and 17823406?
38
Calculate the greatest common factor of 2056550 and 200.
50
Calculate the highest common divisor of 1760 and 3888940.
220
Calculate the highest common factor of 517 and 1664693.
47
What is the greatest common factor of 1747056 and 1136?
16
Calculate the highest common divisor of 1781775 and 930.
15
What is the greatest common divisor of 1477733279 and 391?
391
What is the greatest common divisor of 108902001 and 3?
3
Calculate the highest common divisor of 9511508 and 2124.
236
Calculate the highest common divisor of 525943 and 13262.
349
Calculate the highest common factor of 534427 and 763.
109
Calculate the greatest common divisor of 5529300 and 1225.
175
Calculate the greatest common divisor of 526955910 and 78.
78
Calculate the greatest common factor of 2647 and 62183324.
2647
Calculate the highest common factor of 103072179 and 84.
21
What is the highest common factor of 3629 and 5521619?
191
What is the highest common divisor of 64 and 7513312?
32
What is the greatest common divisor of 191860 and 7480?
20
Calculate the highest common divisor of 15390 and 453834.
342
What is the greatest common divisor of 12984 and 172182?
6
What is the greatest common factor of 11875 and 10349585?
95
Calculate the greatest common divisor of 888 and 2299320.
24
Calculate the highest common divisor of 1458408 and 1624.
56
What is the highest common factor of 21168 and 543067?
49
What is the highest common factor of 117350 and 12537674?
4694
What is the greatest common divisor of 95961 and 32021193?
3309
Calculate the highest common divisor of 1602 and 4275916.
178
What is the highest common factor of 335991552 and 12480?
2496
What is the greatest common factor of 72739398 and 11538?
3846
Calculate the greatest common factor of 45 and 184245855.
15
Calculate the greatest common divisor of 199412 and 16.
4
Calculate the highest common divisor of 9352 and 82964.
28
Calculate the highest common divisor of 661319160 and 265.
265
What is the highest common divisor of 19388 and 7581300?
148
What is the highest common divisor of 204 and 75588?
12
Calculate the highest common factor of 8147464 and 416.
104
Calculate the greatest common divisor of 1331652 and 664.
332
Calculate the highest common factor of 9228566 and 57.
19
What is the highest common factor of 1386381 and 354801?
1563
What is the highest common factor of 224192 and 279?
31
What is the highest common factor of 3248 and 6630647?
29
What is the greatest common divisor of 18900 and 1136100?
2100
Calculate the highest common divisor of 933028 and 765.
17
Calculate the highest common divisor of 14175249 and 99.
33
Calculate the highest common factor of 1162 and 1165540033.
581
What is the greatest common divisor of 594347695 and 5?
5
What is the highest common factor of 265577631 and 11?
11
What is the greatest common factor of 3264 and 1684326?
102
Calculate the greatest common factor of 10660 and 21165040.
260
Calculate the greatest common factor of 5314 and 1480376777.
2657
What is the highest common factor of 1337144 and 150176?
2888
Calculate the highest common divisor of 3375 and 33246.
9
What is the greatest common factor of 240924 and 363426?
102
What is the greatest common factor of 97053885 and 162?
9
What is the greatest common divisor of 210 and 145857870?
30
What is the greatest common factor of 15584 and 1640216?
3896
Calculate the greatest common divisor of 405766303 and 543